2 - 50. Let k be h(a). Let o(t) = 27*t**3 + t**2 - 1. What is o(k)?
-27
Let m(i) = -i**2 - 24*i + 183. Let d(o) = 2*o**3 + 50*o**2 + 45*o - 66. Let z be d(-24). Calculate m(z).
3
Let g(t) = t**3 + 19*t**2 + 16*t - 2. Let b = -11589 + 11571. What is g(b)?
34
Suppose 4*b = -2*v + 16, -5*b - v = -5*v - 20. Let u(z) = -z + 1. Let a(i) = 2*i**2 - 8*i + 5. Let c = -2 - 1. Let f(k) = c*u(k) + a(k). Calculate f(b).
14
Let b = 14 + -12. Let k(q) = 3*q - 12*q**b - 9 - 2*q**2 + 15*q**2. What is k(-5)?
1
Let a(y) = y**2 - 5*y + 3. Let b(o) = -2*o**2 + 11*o - 6. Let g(r) = -7*a(r) - 4*b(r). Let x be 5/(-2)*(-12)/5. Calculate g(x).
-15
Let j(m) = 13*m**2 - 57*m + 67. Let q(f) = 15*f**2 - 61*f + 68. Let g(p) = 7*j(p) - 6*q(p). Give g(31).
-1
Let j(c) = 9*c + 353. Let n be j(-38). Let p(m) = m**3 - 12*m**2 + 12*m + 18. What is p(n)?
29
Let u(a) = -1062 + 2136 + 14*a - 1075. Calculate u(4).
55
Let r(y) be the third derivative of y**6/120 - y**5/30 - y**4/24 + y**3/6 - 3*y**2. Suppose 6*d - 50 = -2*b + 4*d, -3*d + 55 = 2*b. Let v = 22 - b. Give r(v).
-1
Let o be (-2)/(-5) - 12/5. Let m(y) be the second derivative of -1/6*y**4 - 140*y - 1/10*y**5 + 0*y**2 + 0 + 1/6*y**3. Calculate m(o).
6
Let z(b) = 14*b + 7*b**2 - 3*b - 5*b + 4 + 0*b - b + b**3. Calculate z(-6).
10
Let d be (-116)/(-10)*20/(2 - -2). Suppose d*x = 61*x + 18. Let y(n) = -4*n - 7. What is y(x)?
17
Let w(q) be the first derivative of q**3 + q**2 - 108*q + 41. Let k(t) be the first derivative of w(t). Determine k(-1).
-4
Suppose -5*h + 2*i = -24, -235*i + 232*i - 6 = 0. Let x(w) = -w**3 + 2*w**2 + 8*w - 3. Determine x(h).
-3
Let f(j) = 3*j - 59. Let k(i) = 9*i - 170. Let o(b) = 17*f(b) - 6*k(b). Suppose a - 5 = 1. Give o(a).
-1
Let g(m) = -9*m + 1. Let k(s) = 105*s + 397. Let x(b) = 52*b + 199. Let n(v) = 2*k(v) - 5*x(v). Let a be n(-4). Determine g(a).
10
Let s(y) = -36*y - 349. Let f = 866 - 876. What is s(f)?
11
Let a(l) = -97*l**2 - 20*l - 2. Let c(g) = -5*g**2 - g. Let s(r) = -2*a(r) + 38*c(r). Determine s(-4).
60
Let g(k) = -13*k**2 - 1446*k - 347. Let d be g(-111). Let m(r) = r**2 + 19*r + 19. Calculate m(d).
-51
Let f = 576 + -560. Suppose -17*u = f*u + 330. Let r(d) = d**3 + 8*d**2 - 19*d + 10. Give r(u).
0
Let j(z) = 97*z + 5 - 196*z + z**2 + 85*z + 19. Calculate j(13).
11
Let q = 259 - 439. Let j be (-276)/(-27) - 5*(-8)/q. Suppose -3*y = 12*r - 9*r + 3, 2*y - j = 4*r. Let m(z) = z - 1. What is m(r)?
-3
Let w(g) = 4*g**2 + g - 4. Let o(s) = -3*s**2 - 35*s - 19. Let z be o(-11). Suppose -2*c - 5 = -5*t - 6*c, 14 = -z*t + c. Calculate w(t).
29
Let a(r) = 31*r - 11*r**2 - 1 + 6*r**2 - 32*r. Let m = 1 - 1. Suppose -2*v + 3 - 5 = m. Determine a(v).
-5
Let r(z) = 12*z - 175*z**3 - 11*z + 534*z**2 - 532*z**2 - 2. What is r(1)?
-174
Let p = 7 + -4. Let j(d) = 3 - d**3 - 6*d**2 + 7 - 9*d + 2*d**p + 0. Let o = -1962 - -1969. What is j(o)?
-4
Suppose 70*q - 49*q = 23*q - 12. Let h(g) = -31*g + 185. What is h(q)?
-1
Let c = 199 + -180. Suppose 108 = c*p + 146. Let i(x) = -11*x - 1. Calculate i(p).
21
Let k = 166 + -163. Let l(a) = -25*a**k + 3*a - 9*a - 24 + 28 - 2*a**2 + 26*a**3. Determine l(4).
12
Let v(g) be the first derivative of g**3/3 - g**2/2 + g - 1060. Give v(3).
7
Let i(f) = 25*f - 7 + 28*f - 54*f. Let q be i(-18). Let o(b) = -b**3 + 12*b**2 - 12*b + 12. Give o(q).
1
Let y = 18 - 11. Let a(t) = 91*t**3 - 4*t**2 + 7*t - 4. Let n(j) = -152*j**3 + 9*j**2 - 12*j + 7. Let d(f) = 5*a(f) + 3*n(f). Calculate d(y).
-6
Let j be (8/(416/(-65)))/((-9)/(-4) - 2). Let b(c) = -c**3 - 7*c**2 - 5*c + 3. Calculate b(j).
-22
Let a(f) be the first derivative of -7*f**2 + 39*f - 29. What is a(14)?
-157
Let x(c) be the third derivative of c**6/40 + c**5/60 + c**4/24 - c**3/6 - 2*c**2 + 288. Calculate x(1).
4
Let x(t) be the third derivative of -3*t**2 + 1/720*t**6 + 0 - 1/120*t**5 - 5/24*t**4 + 0*t**3 + 0*t. Let z(c) be the second derivative of x(c). Calculate z(5).
4
Let t(m) = m**2 + 14*m - 11. Let n(z) = z**2 + 6*z - 6. Let x(y) = -5*n(y) + 3*t(y). Let o(r) = -76*r**2 + 458*r - 6. Let s be o(6). Calculate x(s).
-3
Let f = 17 + -14. Suppose 4*v = 2*v + f*v. Let o(w) = 63 + v*w**2 - w**2 - 33 - 33 + 4*w. Determine o(4).
-3
Let z(c) be the second derivative of c**5/20 - 11*c**4/6 - 25*c**3/6 + c**2/2 + 6935*c. Calculate z(23).
-45
Let r = 458 - 456. Let f(a) = 40837*a**2 - 40838*a**2 + r*a - 4 - 6*a. Give f(-4).
-4
Let z(r) = 4*r + 8 - 2*r + 5*r**2 - r**3 + r - 11. Let o be 2 + -3 + (-12)/(0 + -2). Suppose o*f + 48 = 13*f. Give z(f).
-21
Suppose 2*c - 10 = 3*c - 4*b, 4*c = -5*b + 23. Let z(f) = -f**c + f - 6 - f. Let w be 1/((-1)/(-3)) - 20/(260/39). What is z(w)?
-6
Let m(u) be the third derivative of -u**4/6 + 4*u**3/3 - 42*u**2 + 49*u + 2. Determine m(17).
-60
Let u be (6 - 7)*33*-1. Let k(d) = -d**2 + 29*d + 134. Let w be k(u). Let g(j) = -j**3 + j**2 + j. Determine g(w).
-2
Let q(t) = 4*t**2 - 24*t - 15. Let j = 38182 + -38174. Give q(j).
49
Let z(v) = 13*v - 1. Suppose 3*a + 4*b = -8, 0*a + 3 = 2*a + b. Suppose -52*r = 39*r. Suppose -a*d = 4 - r. Determine z(d).
-14
Let o be (-6 + 4)/(1/(5/2)). Let v be o/20 - (-147)/28. Let n(c) = -c**3 + 7*c**2 - 13*c + 11. Calculate n(v).
-4
Let o(n) = n**2 - 10*n + 12. Suppose 4 = 2*x, -d + 4*x - 2 = 3. Suppose -4*t + 11 = d*z - 16, z + 39 = 4*t. Determine o(t).
3
Let z = 371 + -369. Let g(v) = 5*v + 6*v - 3*v**2 + 2*v**2 + 2*v**z - 3*v + 10. Let a(t) = -t**2 + 12*t - 8. Let q be a(12). Calculate g(q).
10
Let s = -715 - -718. Let r(f) = 26 + s*f - 33 + 20. Calculate r(-5).
-2
Let r(k) be the second derivative of -1/20*k**5 + 11/12*k**4 + 4*k**2 + 0 + 3/2*k**3 - 40*k. Let y(b) = -b**2. Let n(p) = r(p) + 3*y(p). What is n(9)?
8
Let r(u) = 205*u**2 - 11 + 214*u**2 - u**3 - 10*u - 427*u**2. Let m = 124 + -131. Give r(m).
10
Let o(a) be the third derivative of -1/6*a**4 + 8*a**2 + 0 + 1/12*a**5 - 1/120*a**6 + 7*a - 2/3*a**3. What is o(5)?
-24
Suppose -4 - 4 = -4*k. Let h(i) = 2*i**2 - 15*i - 5. Let y(x) = -2*x**2 - 4*x**2 + 7*x - 3*x**2 + 2 + 8*x**2. Let n(o) = 4*h(o) + 9*y(o). Calculate n(k).
0
Let k(w) = -w**3 - 8*w**2 + w + 17. Let h(p) = 21*p + 244. Let q be h(-12). What is k(q)?
9
Let t(s) = -28*s - 968. Let q be t(-35). Let a(u) = -u**3 + 12*u**2 + 4*u - 23. Calculate a(q).
25
Let b(h) = -15 + 55 - 18 + 20*h - 21 + 9*h. Determine b(1).
30
Let i(j) = -684*j + 2002*j - 647*j - 676*j + 1. Suppose 2 = -3*l + l. Calculate i(l).
6
Let c(x) be the third derivative of -x**5/60 + x**4/24 - x**3 - x**2. Suppose -6*u + 3413 = -943. Let o = u + -726. Calculate c(o).
-6
Let n(s) = -2*s**2 - 16*s + 54. Let j(t) = 3*t**2 + 16*t - 58. Let c(i) = 3*j(i) + 4*n(i). Calculate c(13).
3
Let d = -290 - -280. Let a(x) = 4*x - 18. Let c(z) = 9*z + 16 - 15 - 22 - 16. Let k(g) = -13*a(g) + 6*c(g). What is k(d)?
-8
Let y(g) = 2*g**2 - 2*g + 1. Let m be y(1). Let r(t) = 4*t**2 + 1 - t**3 - 4*t**2 - 12*t**3. Calculate r(m).
-12
Let p(t) = -13*t**2 - 4*t + 52. Let s(f) = -20*f**2 - 2*f + 35. Let k(v) = -2*p(v) + 3*s(v). Let a = 2 - 3. Determine k(a).
-35
Let d = -6 - -9. Let a(r) = 4*r**3 + 9*r**2 + 8*r - 6. Let p(z) = 3*z**3 + 8*z**2 + 6*z - 6. Let f(g) = 4*a(g) - 5*p(g). Give f(d).
3
Let w(v) = -2 + 2 - 3 + 6*v - 2*v**2. Suppose 6 = f + 4*n, 3*n = -5*f - 27 + 40. What is w(f)?
1
Let d(w) be the second derivative of 25*w - 1/12*w**4 + 3/2*w**2 + 0 - 1/6*w**3. Suppose 4*b + 0*m = -2*m + 12, -4*b - m + 12 = 0. Give d(b).
-9
Let z be 366 + ((-8)/(-1) - (11 + -8)). Let f = 381 - z. Let q(l) = l - 20. Calculate q(f).
-10
Let a = -302 + 299. Let y(h) = -h. Let k(u) = 2. Let f(o) = k(o) + 2*y(o). Calculate f(a).
8
Let v(y) = 7 + 5 + 6 - 5*y - y**2. Suppose -17631*n = -17655*n - 192. Determine v(n).
-6
Suppose -5*l - 11 = 2*y, 8 = -4*l - y - y. Let p(x) = 6*x + 9362. Let m(t) = 7*t + 12483. Let h(s) = -3*m(s) + 4*p(s). What is h(l)?
-10
Let f(b) = 3*b**2 - 11*b - 3. Let d = 43 + -40. Calculate f(d).
-9
Let x(h) = h**3 - h**2 - 5*h + 7. Let n(i) = -11 - 3 + 13. Let d(v) = 2*n(v) + x(v). What is d(4)?
33
Let l(w) = w**3 - 5*w**2 + 5*w - 2. Suppose b = 5*b + 368. Let u = -31 - b. Let x = 65 - u. Calculate l(x).
2
Suppose -p = x + 9, -16 = 4*x - 22*p + 21*p. Let y(k) = k**3 + 7*k**2 + 10*k - 6. Give y(x).
-6
Let g(f) = -f**3 + 6*f**2 + 11*f - 22. Let y = 26791 + -26783. Determine g(y).
-62
Let h(j) be t